 what is 5 - -18680?
18685
In base 16, what is -1b3 - -74?
-13f
In base 6, what is 3 + -434431?
-434424
In base 10, what is -10500 - 12?
-10512
In base 13, what is 48 - 214?
-199
In base 6, what is -421211 + -22?
-421233
In base 14, what is 0 + 245d8?
245d8
In base 9, what is -5 - 44832?
-44837
In base 16, what is -24 - ce2?
-d06
In base 8, what is 0 + -161620?
-161620
In base 3, what is -2 - -2200120021?
2200120012
In base 5, what is -4 + 142313402?
142313343
In base 2, what is 100 - -11000101010111?
11000101011011
In base 15, what is -12 - -3a533?
3a521
In base 14, what is 33dc + 4?
3402
In base 16, what is -3d49 - 4?
-3d4d
In base 13, what is -9224 - 4?
-9228
In base 2, what is -11 - 101100001001000?
-101100001001011
In base 8, what is -20 - 3174?
-3214
In base 8, what is -11240 + -36?
-11276
In base 9, what is 3 + 46342?
46345
In base 14, what is 1dbb + 0?
1dbb
In base 13, what is 3 - -364b0?
364b3
In base 14, what is -3814 - 2?
-3816
In base 9, what is -6 - 111821?
-111827
In base 3, what is -11202 + 21012?
2110
In base 5, what is 101402 - 2?
101400
In base 15, what is -4 + d5137?
d5133
In base 15, what is 2b00 + -1?
2aee
In base 7, what is -1052 + 1150?
65
In base 4, what is 10 - -201033?
201103
In base 5, what is 0 + 2023412?
2023412
In base 15, what is -2e + 13a?
10b
In base 14, what is 8689 + -4?
8685
In base 15, what is 161 + 30a?
46b
In base 3, what is 201 - 20111121?
-20110220
In base 6, what is -1 + 100515?
100514
In base 16, what is e2 - -3f4?
4d6
In base 13, what is a - 8990?
-8983
In base 9, what is -3 - -14124?
14121
In base 10, what is 1215 + -30?
1185
In base 3, what is -10210001112 + 10?
-10210001102
In base 5, what is 1 + 1142134?
1142140
In base 3, what is 11100 - -10220022?
11001122
In base 3, what is 20011 + -22101001?
-22010220
In base 15, what is -36794 + 3?
-36791
In base 16, what is 1f + 38f?
3ae
In base 7, what is 3 + 55352?
55355
In base 12, what is -a132 - -3?
-a12b
In base 5, what is -30014221 + -2?
-30014223
In base 13, what is 11526 + 0?
11526
In base 12, what is -1a05 + -1?
-1a06
In base 5, what is -1330 - 422?
-2302
In base 12, what is 16 + 69214?
6922a
In base 2, what is 110001001 + 1111011?
1000000100
In base 10, what is -2110 - -1?
-2109
In base 6, what is 20443 - 222?
20221
In base 2, what is 11100 - 11111011000101001?
-11111011000001101
In base 13, what is -4 - 40727?
-4072b
In base 10, what is -30027 - -17?
-30010
In base 11, what is 14 - 385?
-371
In base 5, what is -33410 - -120?
-33240
In base 16, what is d3 + -699?
-5c6
In base 14, what is 161ac8 + -4?
161ac4
In base 8, what is -362 + 25434?
25052
In base 16, what is 1e80 - 6?
1e7a
In base 5, what is -1 - -214012?
214011
In base 12, what is -b103 - 2?
-b105
In base 16, what is 5 + -56e77?
-56e72
In base 4, what is 22131 + 121?
22312
In base 13, what is -b1354 + -3?
-b1357
In base 4, what is -10 + 1211303122?
1211303112
In base 3, what is 111101212 - -12001?
111120220
In base 15, what is 48 - -14b0?
1508
In base 15, what is e6 + 140?
236
In base 5, what is -12030 + -222?
-12302
In base 2, what is 1 + -1101111010111010?
-1101111010111001
In base 16, what is 3 + -1571?
-156e
In base 11, what is 3 + 12388?
12390
In base 6, what is -5 - -1004222?
1004213
In base 13, what is -2 + -3578?
-357a
In base 11, what is 5 - 334312?
-334308
In base 6, what is 1020 - -1252?
2312
In base 7, what is 5452 + -16?
5433
In base 13, what is 14 - -420?
434
In base 3, what is 2 - 1200020?
-1200011
In base 2, what is 1 - 11110010110000110?
-11110010110000101
In base 9, what is -50 + 48723?
48663
In base 5, what is -3 - -3211422?
3211414
In base 4, what is 120203 - 1202?
113001
In base 8, what is -42 + 6272?
6230
In base 14, what is 50a6 - 47?
505d
In base 13, what is 2 + bc963?
bc965
In base 5, what is -43 + -113124?
-113222
In base 14, what is 5 - c3ac?
-c3a7
In base 13, what is -13c - -1152?
1013
In base 14, what is -1342b - 1?
-1342c
In base 11, what is 3 - -17878?
17880
In base 10, what is -74209 + -2?
-74211
In base 8, what is 1631 + 124?
1755
In base 4, what is 1221100 - 100?
1221000
In base 14, what is 15 + 74d?
764
In base 12, what is -4 - 238a39?
-238a41
In base 7, what is 1 - -1201263?
1201264
In base 4, what is 10133211 - 311?
10132300
In base 5, what is 12101 - -2?
12103
In base 7, what is -352 - -1121?
436
In base 14, what is 861c - b?
8611
In base 4, what is 123030 - -1321?
131011
In base 5, what is 140210 - 4002?
131203
In base 16, what is 4382 - -8?
438a
In base 9, what is 164155 + 12?
164167
In base 11, what is 8 - -6673?
6680
In base 3, what is -10101100200 - -110?
-10101100020
In base 8, what is -2 - -166025?
166023
In base 5, what is -10 + 14104223?
14104213
In base 7, what is -1234 - -3203?
1636
In base 8, what is 5 - 22247?
-22242
In base 7, what is -12001 - 23?
-12024
In base 16, what is 48 + 65ab?
65f3
In base 7, what is 300 - -1022?
1322
In base 3, what is 2210022022010 + 2?
2210022022012
In base 12, what is -b - -139789?
13977a
In base 2, what is -1111110 + 10000000?
10
In base 10, what is 1 - -45287?
45288
In base 10, what is 7630 - 16?
7614
In base 10, what is -5 + -13401?
-13406
In base 4, what is -1 + 1130211?
1130210
In base 4, what is -11133232 + -111?
-11200003
In base 9, what is 10143855 + 3?
10143858
In base 4, what is -2002 - 2122?
-10130
In base 7, what is -1153 + -24410?
-25563
In base 15, what is 47b - -5e?
4da
In base 8, what is -1460 - -104?
-1354
In base 13, what is 4 - -389c6?
389ca
In base 2, what is 11000100 - 100100010?
-1011110
In base 10, what is 6 - -10791?
10797
In base 2, what is 10011101001001 + -101?
10011101000100
In base 3, what is -11 - 1002200210?
-1002200221
In base 8, what is -224166 + -10?
-224176
In base 13, what is 2 - 13368?
-13366
In base 7, what is -42155 + -5?
-42163
In base 4, what is -3333 + 203?
-3130
In base 2, what is -11 - -1100001010011?
1100001010000
In base 15, what is 1751 + -d?
1743
In base 10, what is -54392 + 4?
-54388
In base 8, what is -176 - 1213?
-1411
In base 14, what is -132 - -c9d?
b6b
In base 16, what is -1e44 + -10?
-1e54
In base 4, what is 101012 - 11?
101001
In base 7, what is -6 - -161?
152
In base 3, what is -12100020201 - -12?
-12100020112
In base 8, what is 1435 + 121?
1556
In base 2, what is 11 - -11010011011100100100?
11010011011100100111
In base 9, what is -44837 - -5?
-44832
In base 4, what is -12 - 1202200?
-1202212
In base 3, what is -112010221 - -20?
-112010201
In base 12, what is a86 + -6?
a80
In base 16, what is -9 + -389c?
-38a5
In base 13, what is -67972 - -5?
-6796a
In base 16, what is 408 - 660?
-258
In base 7, what is 423 - 1053?
-330
In base 8, what is 0 + -31532?
-31532
In base 5, what is 1021020 + -11?
1021004
In base 11, what is -7 - 6742?
-6749
In base 16, what is -b9b7 - 3?
-b9ba
In base 11, what is 1658713 + 3?
1658716
In base 9, what is -13646 + 80?
-13556
In base 12, what is -5 - -753b?
7536
In base 9, what is 1584155 + -5?
1584150
In base 6, what is 5 - 11220142?
-11220133
In base 16, what is 315 + 214?
529
In base 9, what is -525 + -84?
-620
In base 10, what is 2068 - -21?
2089
In base 15, what is -616 + 1?
-615
In base 2, what is -11000110011100010 + -1?
-11000110011100011
In base 11, what is 2595 - -a5?
268a
In base 12, what is -20951 + -2?
-20953
In base 9, what is -3656 + 45?
-3611
In base 6, what is -13232231 - 0?
-13232231
In base 10, what is -483931 - 2?
-483933
In base 5, what is -1232301 + -214?
-1233020
In base 5, what is -20241 - -2141?
-13100
In base 8, what is -307 + -2754?
-3263
In base 6, what is 0 + 2113504?
2113504
In base 13, what is 21 - -12510?
12531
In base 11, what is 827 + -27?
800
In base 9, what is -828654 - -5?
-828648
In base 3, what is -12 + 101011200212?
101011200200
In base 10, what is 85 + 314?
399
In base 4, what is 10331330030 + 0?
10331330030
In base 5, what is 223332 - 4?
223323
In base 6, what is -1440 - -224?
-1212
In base 11, what is -26 + -170a?
-1735
In base 16, what is bf - 364?
-2a5
In base 5, what is -10 - 1233411?
-1233421
In base 12, what is 510 + -242?
28a
In base 7, what is 141422 - -11?
141433
In base 6, what is 25 + -104123?
-104054
In base 13, what is 14 - -20baa?
20bc1
In base 16, what is 12822 - -13?
12835
In base 8, what is -1762123 + -5?
-1762130
In base 13, what is 19529 - -5?
19531
In base 10, wha